6)/(-8) + 1)*(11 + 1). Suppose -j = 15 - x. Let h = j + -7. What is the highest common divisor of 11 and h?
11
Let w(s) be the second derivative of -7*s**5/20 + 7*s**4/12 + 11*s**3/6 - 16*s**2 + 266*s. Let q be w(-6). Calculate the highest common factor of 98 and q.
98
Let w(m) = 693*m**2 - 127*m + 127. Let p be w(1). Calculate the highest common divisor of p and 567.
63
Let j be 43/(-2)*3*(-14)/(-21). Let s be 4 + -6 - (2 - j/(-1)). Let l = -19 + s. Calculate the highest common factor of 60 and l.
20
Suppose 0*m = 4*m - 48. Let l = -62 + 64. Suppose 0 = -h + s + 129, 2*s = -l*h - 2*h + 534. Calculate the greatest common divisor of m and h.
12
Let c be (-993)/6 + 1*(-4)/(-8). Let p be ((-1)/(6/28))/(10/c). What is the greatest common factor of p and 7?
7
Suppose -3*q + 3 = -3*i - 18, 4*i = 0. Let r = 1850 - 1437. Calculate the greatest common factor of r and q.
7
Let g(r) = -2*r + 15. Let d be g(3). Let z be -6*(2 + (-21)/d). Suppose z*q - 3*x = 4*q - 42, 64 = 3*q + 4*x. Calculate the highest common factor of 12 and q.
12
Let h be (-2 + (-48)/(-20))*40/8. Suppose 0 = h*g + o - 11, -o = 4*g - 0*o - 25. Calculate the highest common divisor of 42 and g.
7
Suppose -680*n = -682*n - 4*m - 20, 3*n + 23 = -5*m. Let k(g) = -11*g - 1. Let c be k(-1). What is the greatest common factor of n and c?
2
Suppose 0 = f - 5*s + 312, 4*s - 167 - 802 = 3*f. Let i = f + 329. What is the greatest common divisor of 14 and i?
2
Let f(y) = -y**3 + 16*y**2 - 13*y + 7. Let j be f(13). Let h = 349 - j. Calculate the highest common factor of h and 12.
4
Suppose -478 = -5*u + 2*i, 92*u - 96*u + 380 = -4*i. Calculate the greatest common divisor of 8416 and u.
32
Let u(m) = 4*m**2 + 286*m - 125. Let c be u(-72). Calculate the greatest common factor of 2147 and c.
19
Suppose 7*p - 5 + 33 = 0. Let v be 162 - 1*(1 + p). What is the highest common divisor of 33 and v?
33
Let k(v) be the first derivative of v**3/3 + 6*v**2 + 26*v + 25. Let r be k(-8). Let w be -2*(-4 - (-603)/r). Calculate the greatest common divisor of 19 and w.
19
Suppose x + 1 = -3*k + 9, 4*k = -5*x + 7. Suppose 4*p + 1024 = 4*l, -5*l - p = -k*l - 521. What is the highest common divisor of l and 37?
37
Let o(a) = -41*a - 112. Let y be o(18). Let h be ((-4)/(-5))/((-34)/y). What is the highest common factor of h and 5?
5
Suppose 9*h + 3069 = 4*q, 3*q - 4*h - 192 = 2118. Calculate the greatest common divisor of 198 and q.
18
Let l = 16969 + -16954. What is the highest common factor of l and 3072?
3
Suppose -4*w + 468 = 4*k, 2*w + 2*k - 229 = k. Suppose -14*u - 76 = -5*f - 16*u, 10 = -5*u. What is the greatest common divisor of f and w?
16
Let f(r) = r**3 - 6*r**2 + 13*r - 1. Let n(o) = -19*o - 184. Let q be n(-10). Let u be f(q). What is the greatest common divisor of u and 11?
11
Suppose -5*f + 2731 = -4*w, -2727 = -5*f + 9*w - 6*w. What is the highest common factor of 1991 and f?
181
Let o(k) = 3*k**2 - 13*k + 19. Suppose 3*d = 4*d - 4. Let g be o(d). What is the greatest common divisor of g and 3?
3
Let t = -3026 + 3290. Calculate the greatest common divisor of 24 and t.
24
Let m(b) = 3*b - 4. Let h be m(3). Suppose 2*t = -f + 225, -45 - 45 = -t - 5*f. What is the highest common divisor of t and h?
5
Let v = 5379 - 5279. What is the highest common factor of 4850 and v?
50
Let j = -156 + 332. Let l(h) = -1101*h - 66 + 542*h + 548*h. Let z be l(-8). What is the greatest common divisor of j and z?
22
Suppose -5*m = 25, -2*h + 5*m + 166 = 15. Let z(n) = n**3 - 9*n**2 + 9*n - 6. Let w be z(7). Let c = h + w. Calculate the greatest common divisor of c and 176.
22
Let k(y) = -7*y**2 + 12*y + 24. Let a be k(5). Let v = a - -115. Calculate the greatest common factor of 312 and v.
24
Let o(r) = 135*r - 433. Let w be o(5). Calculate the highest common factor of w and 407.
11
Let p be ((-15)/6)/((-3)/(-6)). Let v be ((-28)/p)/((-2)/(-155)). What is the greatest common divisor of v and 7?
7
Let x(p) = 2031*p - 162. Let f be x(2). Suppose -f - 4655 = -29*o. What is the highest common factor of 59 and o?
59
Let o be 8*((-1)/4)/((-11)/(-297)). Let b = -4 - o. What is the greatest common divisor of b and 350?
50
Suppose 4070*z - 4026*z = 13596. What is the highest common factor of z and 6?
3
Let m be (-43)/(-602) + 154641/42. What is the highest common divisor of m and 14?
14
Suppose -304*p = -105*p - 7562. Let g = -43 - -670. Calculate the greatest common factor of p and g.
19
Let i = 11772 - 7299. Calculate the greatest common factor of 63 and i.
63
Let d(l) = -19*l - 87. Let f be d(-6). Suppose -2*b + 34 = -4*s, -2*s = b + 2*b - f. Calculate the highest common divisor of 352 and b.
11
Suppose -59*m - 356 = -55*m. Let r be 8/20 - 1243/(-5). Let j = r + m. Calculate the greatest common divisor of j and 32.
32
Suppose 7*u - 12 + 9 = 74. Let o = 359 - 172. What is the highest common divisor of o and u?
11
Let i(x) = -8*x**3 + 19 + 15 - 8*x**2 + 4*x**3 - 5. Let o be i(-5). Calculate the highest common factor of o and 94.
47
Let o(v) = -2*v**2 - v**2 - 26 + 0*v**2 - 11*v + 2*v**2. Let w(z) = 2*z + 6. Let x be w(-6). Let l be o(x). Calculate the highest common factor of l and 16.
4
Suppose 2*j + 0*u + 2*u = -88, j = -2*u - 41. Let p = j - -57. Suppose 4*n + 4*a + p = 2*n, -3*a = 5*n - 3. What is the highest common factor of 24 and n?
3
Suppose -2*z - z = -9. Let w(a) = -a**2 + 40. Let y be w(-8). Let m = y - -30. Calculate the greatest common divisor of z and m.
3
Let z(p) = -3*p + 26. Suppose 13*h - 16 = 88. Let w be z(h). Suppose -2 = w*c - 22. What is the greatest common factor of 90 and c?
10
Let r be 585/13*2/2. Let b = 0 - r. Let a = -29 - b. Calculate the greatest common divisor of a and 2.
2
Let a = 145 + -73. Suppose -3*q = 4*j - 51, 7*j - 2*j + q - a = 0. Let c = 36 + 9. Calculate the greatest common divisor of j and c.
15
Suppose -6*a + 1195 = -653. Let m = 342 - a. What is the greatest common factor of m and 408?
34
Let w = 130 + 218. Suppose 0 = -21*i + 3150 - 2646. Calculate the highest common factor of w and i.
12
Suppose 874*x - 643 = 17711. Let i be (39 - 1)/((-2)/(-21)). What is the greatest common divisor of i and x?
21
Suppose -110*k - 1320 = -176*k. What is the highest common factor of 16 and k?
4
Let n(q) = q**3 - 15*q**2 + 45*q - 7. Let x be n(11). Suppose 2*v + 122*m = 120*m + 450, -x*v = 2*m - 892. What is the highest common divisor of v and 13?
13
Let i be (27/4 + 1)*11/(165/180). Calculate the highest common factor of 403 and i.
31
Suppose 5*c + 9*z - 13*z - 94 = 0, 0 = -4*c + z + 73. What is the greatest common divisor of c and 6354?
18
Suppose 5*d = 10*d - 4*u + 110, d - 3*u = -33. Let t be (-1)/(9/d - 42/(-88)). Let a = -16 + t. Calculate the highest common factor of 14 and a.
14
Let p(k) = k**2 - 279*k + 3347. Let h be p(12). Calculate the greatest common divisor of 847 and h.
11
Let k(i) = -706*i - 2788. Let f be k(-8). What is the greatest common divisor of 165 and f?
55
Let v = 4669 - 4181. Calculate the greatest common factor of v and 1037.
61
Let d = -7 - -41. Let b be 2/10*(16 + -11). Let h be (-1356)/(-16) + b/4. What is the highest common divisor of d and h?
17
Let i be (26/(-4))/(8/(-192)). Suppose -3*k + 174 = 18. Calculate the highest common divisor of i and k.
52
Let n = -44 + 36. Let k = n + 16. Suppose -5*f + 439 = -81. What is the greatest common factor of f and k?
8
Suppose 2*k - 11 - 61 = 0. Let g(s) = s**3 - s**2 - 8*s + 6. Let x be g(3). Let u be (x/(-5) - -166) + -4. What is the greatest common factor of u and k?
18
Suppose -2*q + 3*q = 29. Let b(g) = 13*g**2 + 2*g - 26. Let v be (6 + -1)*-8*2/20. Let j be b(v). Calculate the greatest common divisor of j and q.
29
Let x = 10 - 4. Suppose -2*c + 53*s = 58*s - 258, 0 = -5*c - 4*s + 594. Calculate the greatest common factor of c and x.
6
Let u be (-9 - 0)/((-6)/14). Suppose 9*v - 6 = u. What is the greatest common divisor of v and 39?
3
Let a(i) = -138*i - 417. Let d be a(-71). What is the highest common factor of d and 477?
159
Let c(x) = -360*x + 3. Let t be c(-1). Suppose -36*k = 3300 - 8052. Calculate the highest common factor of k and t.
33
Suppose -27*f - 8 = -29*f. Suppose 0 = f*q - 2*q + 4*q. Suppose 21*r - 22*r + 16 = q. Calculate the highest common divisor of 288 and r.
16
Suppose 3*p - 659 = 1720. Calculate the grea